{"id":275,"date":"2020-12-19T12:20:57","date_gmt":"2020-12-19T11:20:57","guid":{"rendered":"http:\/\/www4.ekf.tuke.sk\/ke\/?page_id=275"},"modified":"2026-03-04T09:48:45","modified_gmt":"2026-03-04T08:48:45","slug":"bc-1-rocnik","status":"publish","type":"page","link":"https:\/\/ke.ekf.tuke.sk\/index.php\/bc-1-rocnik\/","title":{"rendered":"BC 1. ro\u010dn\u00edk"},"content":{"rendered":"\n<p><strong>POVINN\u00c9 PREDMETY (PP) &#8211; ZIMN\u00dd SEMESTER<\/strong> <br>Konzulta\u010dn\u00e9 hodiny pre PP v ZS: pod\u013ea dohody s vyu\u010duj\u00facim dan\u00e9ho predmetu<br>Informa\u010dn\u00e9 listy predmetov: aktu\u00e1lnu verziu mo\u017eno n\u00e1js\u0165 na str\u00e1nke&nbsp;<a href=\"https:\/\/maisportal.tuke.sk\/portal\/studijneProgramy.mais\" target=\"_blank\" rel=\"noreferrer noopener\">maisportal.tuke.sk<\/a><\/p>\n\n\n\n<hr class=\"wp-block-separator has-css-opacity is-style-wide\"\/>\n\n\n\n<div class=\"wp-block-columns has-2-columns is-layout-flex wp-container-core-columns-is-layout-9d6595d7 wp-block-columns-is-layout-flex\">\n<div class=\"wp-block-column is-layout-flow wp-block-column-is-layout-flow\">\n<p><strong>Makroekon\u00f3mia<\/strong> &#8211; <a aria-label=\"\ufffc (otvor\u00ed sa v novej karte)\" href=\"https:\/\/moodle.ekf.tuke.sk\/course\/view.php?id=23\" target=\"_blank\" rel=\"noreferrer noopener\"><img loading=\"lazy\" decoding=\"async\" width=\"30\" height=\"30\" class=\"wp-image-618\" style=\"width: 30px;\" src=\"http:\/\/ke.ekf.tuke.sk\/wp-content\/uploads\/2020\/12\/moodle-m-with-grid.png\" alt=\"\" srcset=\"https:\/\/ke.ekf.tuke.sk\/wp-content\/uploads\/2020\/12\/moodle-m-with-grid.png 1024w, https:\/\/ke.ekf.tuke.sk\/wp-content\/uploads\/2020\/12\/moodle-m-with-grid-150x150.png 150w, https:\/\/ke.ekf.tuke.sk\/wp-content\/uploads\/2020\/12\/moodle-m-with-grid-300x300.png 300w, https:\/\/ke.ekf.tuke.sk\/wp-content\/uploads\/2020\/12\/moodle-m-with-grid-768x768.png 768w\" sizes=\"auto, (max-width: 30px) 100vw, 30px\" \/><\/a> <br>ODBOR: FBI, EaMVS<br>PREDN\u00c1\u0160KY:<br>prof. Ing. Rajmund Mirdala, PhD.<br>CVI\u010cENIA:<br>Ing. \u013dudmila Bart\u00f3kov\u00e1, PhD.<br>Ing. Simona \u010cir\u010dov\u00e1<br>Ing. Patrik Janok<br>Ing. Patrik Kr\u00f3lik<br>Ing. Karina Stelmakh<br>Ing. Patrik \u017dihala<\/p>\n<\/div>\n\n\n\n<div class=\"wp-block-column is-layout-flow wp-block-column-is-layout-flow\">\n<p><strong>Politol\u00f3gia<\/strong> &#8211;  <a aria-label=\"\ufffc (otvor\u00ed sa v novej karte)\" href=\"https:\/\/moodle.ekf.tuke.sk\/enrol\/index.php?id=237#\" target=\"_blank\" rel=\"noreferrer noopener\"><img loading=\"lazy\" decoding=\"async\" width=\"30\" height=\"30\" class=\"wp-image-618\" style=\"width: 30px;\" src=\"http:\/\/ke.ekf.tuke.sk\/wp-content\/uploads\/2020\/12\/moodle-m-with-grid.png\" alt=\"\" srcset=\"https:\/\/ke.ekf.tuke.sk\/wp-content\/uploads\/2020\/12\/moodle-m-with-grid.png 1024w, https:\/\/ke.ekf.tuke.sk\/wp-content\/uploads\/2020\/12\/moodle-m-with-grid-150x150.png 150w, https:\/\/ke.ekf.tuke.sk\/wp-content\/uploads\/2020\/12\/moodle-m-with-grid-300x300.png 300w, https:\/\/ke.ekf.tuke.sk\/wp-content\/uploads\/2020\/12\/moodle-m-with-grid-768x768.png 768w\" sizes=\"auto, (max-width: 30px) 100vw, 30px\" \/><\/a><br>ODBOR: EaMVS<br>PREDN\u00c1\u0160KY<br>PhDr. Daniela Pala\u0161\u010d\u00e1kov\u00e1, PhD.<br>CVI\u010cENIA:<br>PhDr. Daniela Pala\u0161\u010d\u00e1kov\u00e1, PhD.<br>Ing. Marek Pekar\u010d\u00edk, PhD.<\/p>\n<\/div>\n<\/div>\n\n\n\n<div class=\"wp-block-columns has-2-columns is-layout-flex wp-container-core-columns-is-layout-9d6595d7 wp-block-columns-is-layout-flex\">\n<div class=\"wp-block-column is-layout-flow wp-block-column-is-layout-flow\">\n<p><strong>1. Anglick\u00fd jazyk pre ekon\u00f3mov I.<\/strong> &#8211; <br>ODBOR: FBI, EaMVS<br>SEMIN\u00c1RE:<br>Mgr. Eva Ka\u0161\u010d\u00e1kov\u00e1, PhD.<br>Mgr. Henrieta Ko\u017earikov\u00e1, PhD. <br>Mgr. Zuzana Kunecov\u00e1<\/p>\n<\/div>\n\n\n\n<div class=\"wp-block-column is-layout-flow wp-block-column-is-layout-flow\">\n<p><strong>2. Nemeck\u00fd jazyk I.<\/strong>&#8211; <br>ODBOR: FBI, EaMVS<br>SEMIN\u00c1RE:<br>Mgr. Zuzana Kunecov\u00e1<\/p>\n<\/div>\n<\/div>\n\n\n\n<div class=\"wp-block-columns has-2-columns is-layout-flex wp-container-core-columns-is-layout-9d6595d7 wp-block-columns-is-layout-flex\">\n<div class=\"wp-block-column is-layout-flow wp-block-column-is-layout-flow\">\n<p><strong>2. Franc\u00fazsky jazyk I.<\/strong> &#8211; <br>ODBOR: FBI, EaMVS<br>SEMIN\u00c1RE:<br>Phillipe Nocquet<\/p>\n<\/div>\n\n\n\n<div class=\"wp-block-column is-layout-flow wp-block-column-is-layout-flow\">\n<p><\/p>\n<\/div>\n<\/div>\n\n\n\n<hr class=\"wp-block-separator has-css-opacity is-style-wide\"\/>\n\n\n\n<p><strong>POVINN\u00c9 PREDMETY  (PP) &#8211; LETN\u00dd SEMESTER<\/strong> <br>Konzulta\u010dn\u00e9 hodiny pre PP v LS<strong>:<\/strong> pod\u013ea dohody s vyu\u010duj\u00facim dan\u00e9ho predmetu<\/p>\n\n\n\n<hr class=\"wp-block-separator has-css-opacity is-style-wide\"\/>\n\n\n\n<div class=\"wp-block-columns has-2-columns is-layout-flex wp-container-core-columns-is-layout-9d6595d7 wp-block-columns-is-layout-flex\">\n<div class=\"wp-block-column is-layout-flow wp-block-column-is-layout-flow\">\n<p><strong>Mikroekon\u00f3mia<\/strong> &#8211; <a aria-label=\"\ufffc (otvor\u00ed sa v novej karte)\" href=\"https:\/\/moodle.ekf.tuke.sk\/course\/view.php?id=20\" target=\"_blank\" rel=\"noreferrer noopener\"><img loading=\"lazy\" decoding=\"async\" width=\"30\" height=\"30\" class=\"wp-image-618\" style=\"width: 30px;\" src=\"http:\/\/ke.ekf.tuke.sk\/wp-content\/uploads\/2020\/12\/moodle-m-with-grid.png\" alt=\"\" srcset=\"https:\/\/ke.ekf.tuke.sk\/wp-content\/uploads\/2020\/12\/moodle-m-with-grid.png 1024w, https:\/\/ke.ekf.tuke.sk\/wp-content\/uploads\/2020\/12\/moodle-m-with-grid-150x150.png 150w, https:\/\/ke.ekf.tuke.sk\/wp-content\/uploads\/2020\/12\/moodle-m-with-grid-300x300.png 300w, https:\/\/ke.ekf.tuke.sk\/wp-content\/uploads\/2020\/12\/moodle-m-with-grid-768x768.png 768w\" sizes=\"auto, (max-width: 30px) 100vw, 30px\" \/><\/a><br>ODBOR: FBI, EaMVS<br>PREDN\u00c1\u0160KY:<br>doc. Ing. Marek Gr\u00f3f, PhD.<br>CVI\u010cENIA:<br>doc. Ing. Marek Gr\u00f3f, PhD.<br>Ing. Jana Zori\u010d\u00e1kov\u00e1, PhD.<br>Ing. Manuela Raisov\u00e1, PhD.<br><\/p>\n<\/div>\n\n\n\n<div class=\"wp-block-column is-layout-flow wp-block-column-is-layout-flow\">\n<p><\/p>\n<\/div>\n<\/div>\n\n\n\n<hr class=\"wp-block-separator has-css-opacity is-style-wide\"\/>\n\n\n\n<p><strong>POVINNE VOLITE\u013dN\u00c9 PREDMETY (PVP) &#8211; ZIMN\u00dd SEMESTER<\/strong><br>Konzulta\u010dn\u00e9 hodiny pre PVP v ZS<strong>:<\/strong> pod\u013ea dohody s vyu\u010duj\u00facim dan\u00e9ho predmetu<\/p>\n\n\n\n<hr class=\"wp-block-separator has-css-opacity is-style-wide\"\/>\n\n\n\n<div class=\"wp-block-columns has-2-columns is-layout-flex wp-container-core-columns-is-layout-9d6595d7 wp-block-columns-is-layout-flex\">\n<div class=\"wp-block-column is-layout-flow wp-block-column-is-layout-flow\">\n<p><strong>Introduction to macroeconomics <\/strong>&#8211;  <a aria-label=\"\ufffc (otvor\u00ed sa v novej karte)\" href=\"https:\/\/moodle.ekf.tuke.sk\/course\/view.php?id=26\" target=\"_blank\" rel=\"noreferrer noopener\"><img loading=\"lazy\" decoding=\"async\" width=\"30\" height=\"30\" class=\"wp-image-618\" style=\"width: 30px;\" src=\"http:\/\/ke.ekf.tuke.sk\/wp-content\/uploads\/2020\/12\/moodle-m-with-grid.png\" alt=\"\" srcset=\"https:\/\/ke.ekf.tuke.sk\/wp-content\/uploads\/2020\/12\/moodle-m-with-grid.png 1024w, https:\/\/ke.ekf.tuke.sk\/wp-content\/uploads\/2020\/12\/moodle-m-with-grid-150x150.png 150w, https:\/\/ke.ekf.tuke.sk\/wp-content\/uploads\/2020\/12\/moodle-m-with-grid-300x300.png 300w, https:\/\/ke.ekf.tuke.sk\/wp-content\/uploads\/2020\/12\/moodle-m-with-grid-768x768.png 768w\" sizes=\"auto, (max-width: 30px) 100vw, 30px\" \/><\/a><br>ODBOR: FBI<br>PREDN\u00c1\u0160KY:<br>Ing. Manuela Raisov\u00e1, PhD. <br>CVI\u010cENIA:<br>Ing. Manuela Raisov\u00e1, PhD.<\/p>\n<\/div>\n\n\n\n<div class=\"wp-block-column is-layout-flow wp-block-column-is-layout-flow\">\n<p><strong>Sociol\u00f3gia<\/strong>&#8211;  <a aria-label=\"\ufffc (otvor\u00ed sa v novej karte)\" href=\"https:\/\/moodle.ekf.tuke.sk\/course\/view.php?id=32\" target=\"_blank\" rel=\"noreferrer noopener\"><img loading=\"lazy\" decoding=\"async\" width=\"30\" height=\"30\" class=\"wp-image-618\" style=\"width: 30px;\" src=\"http:\/\/ke.ekf.tuke.sk\/wp-content\/uploads\/2020\/12\/moodle-m-with-grid.png\" alt=\"\" srcset=\"https:\/\/ke.ekf.tuke.sk\/wp-content\/uploads\/2020\/12\/moodle-m-with-grid.png 1024w, https:\/\/ke.ekf.tuke.sk\/wp-content\/uploads\/2020\/12\/moodle-m-with-grid-150x150.png 150w, https:\/\/ke.ekf.tuke.sk\/wp-content\/uploads\/2020\/12\/moodle-m-with-grid-300x300.png 300w, https:\/\/ke.ekf.tuke.sk\/wp-content\/uploads\/2020\/12\/moodle-m-with-grid-768x768.png 768w\" sizes=\"auto, (max-width: 30px) 100vw, 30px\" \/><\/a><br>ODBOR: FBI, EaMVS <br>PREDN\u00c1\u0160KY:<br>PhDr. Daniela Pala\u0161\u010d\u00e1kov\u00e1, PhD. <br>CVI\u010cENIA:<br>PhDr. Daniela Pala\u0161\u010d\u00e1kov\u00e1, PhD.<\/p>\n<\/div>\n<\/div>\n\n\n\n<div class=\"wp-block-columns has-2-columns is-layout-flex wp-container-core-columns-is-layout-9d6595d7 wp-block-columns-is-layout-flex\">\n<div class=\"wp-block-column is-layout-flow wp-block-column-is-layout-flow\">\n<p><\/p>\n<\/div>\n\n\n\n<div class=\"wp-block-column is-layout-flow wp-block-column-is-layout-flow\">\n<p><\/p>\n<\/div>\n<\/div>\n\n\n\n<hr class=\"wp-block-separator has-css-opacity is-style-wide\"\/>\n\n\n\n<p><strong>POVINNE VOLITE\u013dN\u00c9 PREDMETY  (PVP) &#8211; LETN\u00dd SEMESTER<\/strong><br>Konzulta\u010dn\u00e9 hodiny pre PVP v LS<strong>:<\/strong> v\u017edy po dohode s vyu\u010duj\u00facim dan\u00e9ho predmetu<\/p>\n\n\n\n<hr class=\"wp-block-separator has-css-opacity is-style-wide\"\/>\n\n\n\n<div class=\"wp-block-columns has-2-columns is-layout-flex wp-container-core-columns-is-layout-9d6595d7 wp-block-columns-is-layout-flex\">\n<div class=\"wp-block-column is-layout-flow wp-block-column-is-layout-flow\">\n<p><strong>Politol\u00f3gia 1<\/strong>&#8211;  <a aria-label=\"\ufffc (otvor\u00ed sa v novej karte)\" href=\"https:\/\/moodle.ekf.tuke.sk\/course\/view.php?id=238\" target=\"_blank\" rel=\"noreferrer noopener\"><img loading=\"lazy\" decoding=\"async\" width=\"28\" height=\"28\" class=\"wp-image-618\" style=\"width: 28px;\" src=\"http:\/\/ke.ekf.tuke.sk\/wp-content\/uploads\/2020\/12\/moodle-m-with-grid.png\" alt=\"\" srcset=\"https:\/\/ke.ekf.tuke.sk\/wp-content\/uploads\/2020\/12\/moodle-m-with-grid.png 1024w, https:\/\/ke.ekf.tuke.sk\/wp-content\/uploads\/2020\/12\/moodle-m-with-grid-150x150.png 150w, https:\/\/ke.ekf.tuke.sk\/wp-content\/uploads\/2020\/12\/moodle-m-with-grid-300x300.png 300w, https:\/\/ke.ekf.tuke.sk\/wp-content\/uploads\/2020\/12\/moodle-m-with-grid-768x768.png 768w\" sizes=\"auto, (max-width: 28px) 100vw, 28px\" \/><\/a><br>ODBOR: FBI, EaMVS<br>PREDN\u00c1\u0160KY:<br>PhDr. Daniela Pala\u0161\u010d\u00e1kov\u00e1, PhD. <br>CVI\u010cENIA:<br>PhDr. Daniela Pala\u0161\u010d\u00e1kov\u00e1, PhD.<\/p>\n<\/div>\n\n\n\n<div class=\"wp-block-column is-layout-flow wp-block-column-is-layout-flow\">\n<p><strong>Introduction to microeconomics<\/strong> &#8211; <a aria-label=\"\ufffc (otvor\u00ed sa v novej karte)\" href=\"https:\/\/moodle.ekf.tuke.sk\/course\/view.php?id=147\" target=\"_blank\" rel=\"noreferrer noopener\"><img loading=\"lazy\" decoding=\"async\" width=\"28\" height=\"28\" class=\"wp-image-618\" style=\"width: 28px;\" src=\"http:\/\/ke.ekf.tuke.sk\/wp-content\/uploads\/2020\/12\/moodle-m-with-grid.png\" alt=\"\" srcset=\"https:\/\/ke.ekf.tuke.sk\/wp-content\/uploads\/2020\/12\/moodle-m-with-grid.png 1024w, https:\/\/ke.ekf.tuke.sk\/wp-content\/uploads\/2020\/12\/moodle-m-with-grid-150x150.png 150w, https:\/\/ke.ekf.tuke.sk\/wp-content\/uploads\/2020\/12\/moodle-m-with-grid-300x300.png 300w, https:\/\/ke.ekf.tuke.sk\/wp-content\/uploads\/2020\/12\/moodle-m-with-grid-768x768.png 768w\" sizes=\"auto, (max-width: 28px) 100vw, 28px\" \/><\/a><br>ODBOR: FBI, EaMVS <br>PREDN\u00c1\u0160KY:<br>doc. Ing. Marek Gr\u00f3f, PhD. <br>CVI\u010cENIA:<br>doc. Ing. Marek Gr\u00f3f, PhD.<\/p>\n<\/div>\n<\/div>\n\n\n\n<div class=\"wp-block-columns has-2-columns is-layout-flex wp-container-core-columns-is-layout-9d6595d7 wp-block-columns-is-layout-flex\">\n<div class=\"wp-block-column is-layout-flow wp-block-column-is-layout-flow\">\n<p><strong>N\u00e1rodohospod\u00e1rstvo<\/strong>&#8211;  <a aria-label=\"\ufffc (otvor\u00ed sa v novej karte)\" href=\"https:\/\/moodle.ekf.tuke.sk\/course\/view.php?id=21\" target=\"_blank\" rel=\"noreferrer noopener\"><img loading=\"lazy\" decoding=\"async\" width=\"30\" height=\"30\" class=\"wp-image-618\" style=\"width: 30px;\" src=\"http:\/\/ke.ekf.tuke.sk\/wp-content\/uploads\/2020\/12\/moodle-m-with-grid.png\" alt=\"\" srcset=\"https:\/\/ke.ekf.tuke.sk\/wp-content\/uploads\/2020\/12\/moodle-m-with-grid.png 1024w, https:\/\/ke.ekf.tuke.sk\/wp-content\/uploads\/2020\/12\/moodle-m-with-grid-150x150.png 150w, https:\/\/ke.ekf.tuke.sk\/wp-content\/uploads\/2020\/12\/moodle-m-with-grid-300x300.png 300w, https:\/\/ke.ekf.tuke.sk\/wp-content\/uploads\/2020\/12\/moodle-m-with-grid-768x768.png 768w\" sizes=\"auto, (max-width: 30px) 100vw, 30px\" \/><\/a><br>ODBOR: FBI, EaMVS<br>PREDN\u00c1\u0160KY:<br>Ing. Manuela Raisov\u00e1, PhD. <br>CVI\u010cENIA:<br>Ing. Manuela Raisov\u00e1, PhD.<\/p>\n<\/div>\n\n\n\n<div class=\"wp-block-column is-layout-flow wp-block-column-is-layout-flow\">\n<p><strong>\u00davod do \u0161t\u00fadia a p\u00edsania semestr\u00e1lnych pr\u00e1c<\/strong> &#8211; <a aria-label=\"\ufffc (otvor\u00ed sa v novej karte)\" href=\"https:\/\/moodle.ekf.tuke.sk\/course\/view.php?id=13\" target=\"_blank\" rel=\"noreferrer noopener\"><img loading=\"lazy\" decoding=\"async\" width=\"30\" height=\"30\" class=\"wp-image-618\" style=\"width: 30px;\" src=\"http:\/\/ke.ekf.tuke.sk\/wp-content\/uploads\/2020\/12\/moodle-m-with-grid.png\" alt=\"\" srcset=\"https:\/\/ke.ekf.tuke.sk\/wp-content\/uploads\/2020\/12\/moodle-m-with-grid.png 1024w, https:\/\/ke.ekf.tuke.sk\/wp-content\/uploads\/2020\/12\/moodle-m-with-grid-150x150.png 150w, https:\/\/ke.ekf.tuke.sk\/wp-content\/uploads\/2020\/12\/moodle-m-with-grid-300x300.png 300w, https:\/\/ke.ekf.tuke.sk\/wp-content\/uploads\/2020\/12\/moodle-m-with-grid-768x768.png 768w\" sizes=\"auto, (max-width: 30px) 100vw, 30px\" \/><\/a><br>ODBOR: FBI, EaMVS <br>PREDN\u00c1\u0160KY:<br>PhDr. Daniela Pala\u0161\u010d\u00e1kov\u00e1, PhD. <br>CVI\u010cENIA:<br>PhDr. Daniela Pala\u0161\u010d\u00e1kov\u00e1, PhD.<br>Ing. Barbara Brix \u010cit\u00e1kov\u00e1<br>Ing. Vikt\u00f3ria Kalaninov\u00e1<\/p>\n<\/div>\n<\/div>\n\n\n\n<div class=\"wp-block-columns has-2-columns is-layout-flex wp-container-core-columns-is-layout-9d6595d7 wp-block-columns-is-layout-flex\">\n<div class=\"wp-block-column is-layout-flow wp-block-column-is-layout-flow\">\n<p><strong>1. Anglick\u00fd jazyk pre ekon\u00f3mov II.<\/strong> &#8211; <br>ODBOR: FBI, EaMVS<br>SEMIN\u00c1RE:<br>Mgr. Eva Ka\u0161\u010d\u00e1kov\u00e1, PhD.<br>Mgr. Henrieta Ko\u017ear\u00edkov\u00e1, PhD. <br>Mgr. Zuzana Kunecov\u00e1<\/p>\n<\/div>\n\n\n\n<div class=\"wp-block-column is-layout-flow wp-block-column-is-layout-flow\">\n<p><strong>2. Nemeck\u00fd jazyk II.<\/strong>&#8211; <br>ODBOR: FBI, EaMVS<br>SEMIN\u00c1RE:<br>Mgr. Zuzana Kunecov\u00e1<\/p>\n<\/div>\n<\/div>\n\n\n\n<div class=\"wp-block-columns has-2-columns is-layout-flex wp-container-core-columns-is-layout-9d6595d7 wp-block-columns-is-layout-flex\">\n<div class=\"wp-block-column is-layout-flow wp-block-column-is-layout-flow\">\n<div class=\"wp-block-columns is-layout-flex wp-container-core-columns-is-layout-9d6595d7 wp-block-columns-is-layout-flex\">\n<div class=\"wp-block-column is-layout-flow wp-block-column-is-layout-flow\">\n<p><strong>2. Franc\u00fazsky jazyk II.<\/strong> &#8211; <br>ODBOR: FBI, EaMVS<br>SEMIN\u00c1RE:<br>Phillipe Nocquet<\/p>\n<\/div>\n<\/div>\n<\/div>\n\n\n\n<div class=\"wp-block-column is-layout-flow wp-block-column-is-layout-flow\"><\/div>\n<\/div>\n\n\n\n<hr class=\"wp-block-separator has-css-opacity is-style-wide\"\/>\n\n\n\n<div class=\"wp-block-columns has-2-columns is-layout-flex wp-container-core-columns-is-layout-9d6595d7 wp-block-columns-is-layout-flex\">\n<div class=\"wp-block-column is-layout-flow wp-block-column-is-layout-flow\">\n<p><\/p>\n<\/div>\n\n\n\n<div class=\"wp-block-column is-layout-flow wp-block-column-is-layout-flow\">\n<p><\/p>\n<\/div>\n<\/div>\n\n\n\n<p><\/p>\n","protected":false},"excerpt":{"rendered":"<p>POVINN\u00c9 PREDMETY (PP) &#8211; ZIMN\u00dd SEMESTER Konzulta\u010dn\u00e9 hodiny pre PP v ZS: pod\u013ea dohody s vyu\u010duj\u00facim dan\u00e9ho predmetuInforma\u010dn\u00e9 listy predmetov: aktu\u00e1lnu verziu mo\u017eno n\u00e1js\u0165 na&hellip;<\/p>\n","protected":false},"author":1,"featured_media":0,"parent":0,"menu_order":0,"comment_status":"closed","ping_status":"closed","template":"","meta":{"footnotes":""},"class_list":["post-275","page","type-page","status-publish","hentry","no-post-thumbnail"],"_links":{"self":[{"href":"https:\/\/ke.ekf.tuke.sk\/index.php\/wp-json\/wp\/v2\/pages\/275","targetHints":{"allow":["GET"]}}],"collection":[{"href":"https:\/\/ke.ekf.tuke.sk\/index.php\/wp-json\/wp\/v2\/pages"}],"about":[{"href":"https:\/\/ke.ekf.tuke.sk\/index.php\/wp-json\/wp\/v2\/types\/page"}],"author":[{"embeddable":true,"href":"https:\/\/ke.ekf.tuke.sk\/index.php\/wp-json\/wp\/v2\/users\/1"}],"replies":[{"embeddable":true,"href":"https:\/\/ke.ekf.tuke.sk\/index.php\/wp-json\/wp\/v2\/comments?post=275"}],"version-history":[{"count":132,"href":"https:\/\/ke.ekf.tuke.sk\/index.php\/wp-json\/wp\/v2\/pages\/275\/revisions"}],"predecessor-version":[{"id":2094,"href":"https:\/\/ke.ekf.tuke.sk\/index.php\/wp-json\/wp\/v2\/pages\/275\/revisions\/2094"}],"wp:attachment":[{"href":"https:\/\/ke.ekf.tuke.sk\/index.php\/wp-json\/wp\/v2\/media?parent=275"}],"curies":[{"name":"wp","href":"https:\/\/api.w.org\/{rel}","templated":true}]}}